*b + 4. Suppose 75 = -3*o + g, g + 84 = -3*o + 9. Is t(o) prime?
True
Let k = -67 + 61. Let r be (-8)/6*12/16*k. Suppose r*w - 2*w = 2348. Is w a prime number?
True
Let p(y) be the first derivative of -y**5/20 - 11*y**4/12 - 5*y**3/3 - 7*y**2/2 - 31*y - 21. Let m(s) be the first derivative of p(s). Is m(-15) prime?
False
Let g(q) = 370*q**3 + 3*q**2 - 13*q + 51. Is g(3) a composite number?
True
Let h be 9/21 + (-190350)/210. Let w = h - -4768. Is w a prime number?
False
Let v(y) = -3*y**2 - 12*y + 15. Let t(i) = i. Let j(r) = -4*t(r) - v(r). Let d be j(10). Let x = 54 + d. Is x a prime number?
True
Suppose -3*a = -4*g + 17740, -5*g - a + 17724 = -g. Let k = -1959 + g. Is k a prime number?
True
Suppose 5*z - 15 = -2*f, 0 = -2*f - 3*f - 5*z. Let c(m) = 111*m - 4. Let a(x) = -221*x + 7. Let r(j) = 3*a(j) + 5*c(j). Is r(f) composite?
False
Let w = -7189 + 40616. Is w a composite number?
False
Let q(l) = l**2 + 9*l + 7. Let n be q(-9). Suppose -n*d = -10*d + 9. Suppose -2*k = f - 93, d*f = 5*k + 79 + 178. Is f prime?
True
Suppose 10 - 16 = -3*f, 0 = 3*r + 3*f - 12. Suppose -r*n - v + 6274 = 0, 4*v + 8948 = 5*n - 6763. Is n a composite number?
True
Let l(g) = -g**2 + 15*g + 19. Let h be l(14). Suppose h*d + 144136 - 473047 = 0. Is d composite?
False
Suppose 0 = 27*g - g + 91952 - 614214. Is g composite?
True
Let r = 177 - 308. Let j be (r/(-2))/((-8)/(-176)). Let t = 2076 - j. Is t composite?
True
Is (-42)/27 + 32806537/531 a prime number?
True
Suppose 0 = 9*u + 9 + 9. Is (0 - 140)*u/8 prime?
False
Is (2 - (-1)/(-2))*-9*205894/(-351) prime?
True
Suppose 0 = -5*j + 2*a + 12187, 29*a - 25*a - 4846 = -2*j. Is j a prime number?
False
Let m = -891469 - -1557636. Is m prime?
True
Let j(o) = -o**3 - 4*o**2 + o + 10. Let x be j(-2). Suppose 8*i - 8361 - 3271 = x. Is i composite?
True
Let h(w) = 51307*w**2 + 768*w + 1531. Is h(-2) a composite number?
False
Let s be (15622/4)/(7/(-11 - 3)). Let a = s - -17394. Let d = a + -1020. Is d prime?
True
Let v = 2438 - 175. Is v prime?
False
Suppose -3*o + 231 = -24*o. Is (-41725)/o + (-171)/33 + 5 a composite number?
False
Let g(d) = 1932*d**2 - 146*d + 5. Is g(-7) prime?
False
Let k(a) = -6*a - 88. Let i be k(29). Let w = -154 + 433. Let g = w - i. Is g a composite number?
False
Let n = 12193 + -37. Suppose 21*t - n = 17*t. Is t a prime number?
False
Let q = -38957 + 73226. Is q a prime number?
False
Let d(x) = 1118*x**2 + 5*x + 4. Suppose -2*j + 3 = 3*r - 0*j, -4*r - 19 = -5*j. Is d(r) a prime number?
True
Let x(c) = -30 - 17 - 18*c**3 + 38*c**3 - 50*c - 19*c**3 + 40*c**2. Is x(-24) prime?
True
Let c be 540/243 + 4/(-18). Is ((-46572)/(-18))/(c/3) prime?
True
Let x be (-150)/(-54) + (-4)/(-18). Let s be (-118)/(-4) - (-1)/(-2). Suppose x*g + s = 662. Is g a composite number?
False
Let o(q) = q**3 + 8*q**2 + 6*q + 2. Let u be o(-3). Let y = u - 25. Suppose 0 = 7*j - y*j - 2799. Is j prime?
False
Suppose -5*w + 1299295 = 5*x, -3*x - 4*w + 72052 + 707531 = 0. Is x a prime number?
False
Suppose 0 = -3*f + 4*f + t + 7, 4*t = 3*f - 7. Let l be (-9)/6*298/f. Suppose a - l = 74. Is a prime?
True
Let n = -4188 + 2472. Let k = -3819 - n. Let t = 4082 + k. Is t composite?
False
Let j = -18 + 25. Let y(t) = j - 1 - 10*t**3 + 9*t**3 - 5*t - 3*t + 13*t**2. Is y(5) a prime number?
False
Suppose -12*x - 6 + 42 = 0. Is 543/3 - (x - (1 + -2)) a composite number?
True
Let j be (7 + (-66)/18)*(-6)/(-5). Suppose -j*w + 2*b + 6848 = 0, -2*b - 493 + 3911 = 2*w. Is w a prime number?
False
Let k(m) = 39012*m - 2. Let r be k(1). Suppose 11*z - r = z. Is z prime?
False
Let y(m) = -80922*m - 803. Is y(-6) prime?
False
Let r(n) be the first derivative of 187*n**2/2 - 62*n + 85. Is r(9) prime?
True
Let m(j) be the third derivative of 55*j**4/3 - 5*j**3/3 + 14*j**2. Let g(w) = -881*w + 19. Let y(r) = 3*g(r) + 5*m(r). Is y(-2) a prime number?
False
Suppose -2*f + j + 38 = f, -25 = 5*j. Let q = 14 - f. Is (-3)/6 - (2538/(-4) + q) a composite number?
False
Suppose 0 = 4*p + 3*g + 58, 0 = 3*p + 2*p - 5*g + 90. Let o be 3/(((-12)/p)/3). Suppose 14*d = o*d + 3310. Is d a composite number?
True
Let x be (-9 + 5)/((-6)/(-21)) + -1. Let i(y) be the second derivative of y**4/4 + 7*y**3/6 + 8*y**2 - y. Is i(x) a prime number?
False
Let a(f) = 265*f + 161. Is a(38) composite?
True
Is (57/95)/((-18)/(-4768770)) a composite number?
False
Let u = 45136 - 20913. Is u composite?
False
Suppose 3*h = -0*h + 12. Suppose -13280 = -22*s + 2846. Suppose -h*a - 201 = -s. Is a prime?
False
Let g be 262*(-5)/55 + (-6)/33. Let c(m) = -103*m - 65. Is c(g) a prime number?
False
Suppose 0 = 2*r + 52*f - 56*f - 116, -2*f = 3*r - 134. Let q(j) = -j**3 - j - 2. Let n be q(-2). Is (-762)/4*(r/(-9))/n a prime number?
True
Is (-39251)/(13/(-52)*4) a prime number?
True
Suppose 5*l - 214619 = -4*w, -3*l - 3*w = -3306 - 125466. Is l prime?
True
Suppose -3*p + 16 = 5*p. Suppose 3 + 5 = p*a, 4*a = -f + 65. Is f prime?
False
Let t be 16/6 - (32/12)/4. Suppose 0 = -4*c - 3*l - 2 - 22, -c - 11 = t*l. Let d(a) = -90*a**3 - 2*a**2 + 7*a + 2. Is d(c) a composite number?
False
Let z be (-4239)/(-4)*(280/24 + -9). Let x = z + 979. Is x composite?
True
Suppose -5*b = -f + 35, -f - 2*b = -0*b. Suppose 6*o - f*o + 28 = 0. Suppose -5347 = -o*p + 9822. Is p prime?
False
Let g = 3371 + -1198. Suppose 5*t - g = 4312. Suppose t = 4*n - 4627. Is n a prime number?
True
Suppose -4*m - 2*w = -33488, -9*w = -4*m - 6*w + 33488. Let c = m + -5865. Is c a prime number?
False
Suppose 74*f + 224775817 = 361*f. Is f a prime number?
True
Let v(k) = 841*k + 11. Let a be v(3). Suppose a = 5*b + 2*b. Suppose -2*p - 405 - 558 = -5*s, -5*p = 2*s - b. Is s composite?
False
Let x(p) be the first derivative of p**4/4 + 5*p**3/3 - p**2/2 + 547*p - 140. Is x(0) a composite number?
False
Let l(p) be the second derivative of 7*p**6/60 - 19*p**4/24 - 8*p**3/3 - p. Let r(c) be the second derivative of l(c). Is r(-4) prime?
True
Suppose -334669 = -w - 442*k + 438*k, -1338634 = -4*w + 5*k. Is w a prime number?
True
Suppose 87772 = y + 5*l, 0 = -191*y + 189*y + 2*l + 175532. Is y composite?
False
Let i be ((-3092)/(-2))/((-8)/(-20)). Let b = i + -2469. Is 1/(-4 + b/348) a composite number?
True
Suppose -6*l + 1041884 = -2*l. Suppose 13*g = l + 688490. Is g composite?
False
Let v(x) = x**3 - 11*x**2 + 16*x + 21. Let d be v(9). Suppose d*i + 1166 = -4*f, 5*i + f + 3*f = -1954. Let t = 663 + i. Is t a composite number?
False
Is 2*(2787777/18 - 17) a prime number?
False
Suppose 0 = f - 4*l - 60197, 240888 = 4*f + 6*l - 2*l. Is f a composite number?
False
Suppose 0 = 2*x, -3*j + x + 79 - 19 = 0. Is (-1 + -123)*(-815)/j a composite number?
True
Let a(j) = -j**3 - 9*j**2 + j + 19. Suppose -f + 3 + 5 = 4*l, 0 = 2*l - 10. Is a(f) a prime number?
True
Let n(s) = -9*s + s + 203*s - 17. Is n(8) prime?
True
Let w(y) = -633*y**3 + 5*y**2 - 22*y - 41. Is w(-5) prime?
True
Suppose -4366*d + 4341*d = -5292575. Is d a prime number?
False
Let b = 15369 + -6950. Is b prime?
True
Suppose 2*j - f = 0, 0*j + 4*f = 5*j + 6. Suppose -2*p - j*p + 20780 = 0. Is p a composite number?
True
Let w = -5255 - -5260. Suppose 0 = 4*p - 0 - 8. Suppose 3643 = 3*x - j, -w*j + j + 2410 = p*x. Is x a prime number?
True
Let n(a) = -6*a**3 - 6*a**2 + 142*a + 63. Is n(-26) composite?
False
Suppose 0 = 5*b + 5*u - 10, -2*b + 5*u - 10 = -0. Suppose -4*j + 3896 = -0*j + 2*d, b = 2*j + 2*d - 1950. Is -8*(-3)/6 + j a composite number?
False
Suppose -i + 18301 = -3*l, -l = -3*i - 17016 + 71919. Is i prime?
True
Let s(d) be the first derivative of 8*d**3/3 + 8*d**2 + 17*d - 53. Is s(-14) a prime number?
True
Let i = 307103 + -159142. Is i a composite number?
True
Suppose 3*o = 6, -5*m + 7*m - 1394356 = 5*o. Is m a prime number?
False
Let q = 25378 - 18085. Let v be (-74931)/(-2) - (-7)/14. Suppose -v = -13*m + q. Is m a prime number?
False
Let k = 1777543 + -1125624. Is k composite?
True
Let d = 145119 + -62236. Is d a prime number?
True
Suppose -1694293 - 585427 + 409741 = -89*l. Is l composite?
False
Suppose -3*c = -2*y - 4, 2*c + 0*c - 16 = -2*y. Suppose -43382 = -c*r + 2*z, 29665 = 3*r + 2*z - 2882. Is r a prime number?
True
Suppose -21 = -a - 20. Is (328 - 14)*(0 + a) a prime number?
False
Suppose 3*q - 3*m = 437181, 7*q - 6*q + 2*m = 145709. Is q a prime number?
True
